{"id":773,"date":"2015-12-21T19:32:12","date_gmt":"2015-12-21T16:32:12","guid":{"rendered":"http:\/\/arkonconsult.ru\/?page_id=773"},"modified":"2018-12-10T19:16:21","modified_gmt":"2018-12-10T16:16:21","slug":"rusya-federasyonu-yurtdisi-pasaportunun-duzenlenmesi","status":"publish","type":"page","link":"http:\/\/arkonconsult.ru\/?page_id=773&lang=tr","title":{"rendered":"Rusya Federasyonu yurtd\u0131\u015f\u0131 pasaportunun d\u00fczenlenmesi"},"content":{"rendered":"<p><img loading=\"lazy\" decoding=\"async\" class=\"alignleft wp-image-774 size-medium\" title=\"Rusya Federasyonu yurtd\u0131\u015f\u0131 pasaportu\" src=\"http:\/\/arkonconsult.ru\/wp-content\/uploads\/2015\/12\/\u0437\u0430\u0433\u0440\u0430\u043d\u043f\u0430\u0441\u043f\u043e\u0440\u0442-300x239.jpg\" alt=\"Rusya Federasyonu yurtd\u0131\u015f\u0131 pasaportu\" width=\"300\" height=\"239\" srcset=\"http:\/\/arkonconsult.ru\/wp-content\/uploads\/2015\/12\/\u0437\u0430\u0433\u0440\u0430\u043d\u043f\u0430\u0441\u043f\u043e\u0440\u0442-300x239.jpg 300w, http:\/\/arkonconsult.ru\/wp-content\/uploads\/2015\/12\/\u0437\u0430\u0433\u0440\u0430\u043d\u043f\u0430\u0441\u043f\u043e\u0440\u0442.jpg 480w\" sizes=\"(max-width: 300px) 100vw, 300px\" \/>Yurtd\u0131\u015f\u0131 pasaport, Rusya Federasyonu vatanda\u015f\u0131n\u0131n Rusya Federasyonu s\u0131n\u0131rlar\u0131 d\u0131\u015f\u0131nda kimli\u011fini tasdik eden temel belge olmaktad\u0131r. Rusya vatanda\u015f\u0131 bu belge ile Rusya Federasyonu&#8217;ndan \u00e7\u0131k\u0131\u015f\u0131 ve Rusya Federasyonu&#8217;na giri\u015fi ger\u00e7ekle\u015ftirmektedir.<\/p>\n<p>Yurtd\u0131\u015f\u0131 pasaportu almak isteyen, kendi d\u00fc\u015f\u00fcncesine g\u00f6re yurtd\u0131\u015f\u0131 pasaportun tipini se\u00e7me hakk\u0131na sahiptir: ge\u00e7erlilik s\u00fcresi 5 y\u0131l olan ola\u011fan tip veya ge\u00e7erlilik s\u00fcresi 10 y\u0131l olan yeni tip (biyometrik pasaport).<\/p>\n<p>&nbsp;<\/p>\n<p>Yurtd\u0131\u015f\u0131 pasaportunu d\u00fczenlemek i\u00e7in sunulmas\u0131 gereken belgeler \u015funlard\u0131r:<\/p>\n<p>&#8212; doldurulmu\u015f dilek\u00e7e \u2013 anket (2 n\u00fcsha);<\/p>\n<p>&#8212; foto\u011fraflar (2 adet), siyah beyaz veya renkli, 3,5 x 4,5 cm boyutunda;<\/p>\n<p>&#8212; Rusya Federasyonu vatanda\u015f\u0131 pasaportu;<\/p>\n<p>&#8212; devlet vergisinin \u00f6denmesine dair makbuz;<\/p>\n<p>&#8212; ge\u00e7erlilik s\u00fcresi dolmam\u0131\u015f ise \u00f6nce verilmi\u015f yurtd\u0131\u015f\u0131 pasaportu.<\/p>\n","protected":false},"excerpt":{"rendered":"<p>Yurtd\u0131\u015f\u0131 pasaport, Rusya Federasyonu vatanda\u015f\u0131n\u0131n Rusya Federasyonu s\u0131n\u0131rlar\u0131 d\u0131\u015f\u0131nda kimli\u011fini tasdik eden temel belge olmaktad\u0131r. Rusya vatanda\u015f\u0131 bu belge ile Rusya Federasyonu&#8217;ndan \u00e7\u0131k\u0131\u015f\u0131 ve Rusya Federasyonu&#8217;na giri\u015fi ger\u00e7ekle\u015ftirmektedir. Yurtd\u0131\u015f\u0131 pasaportu almak isteyen, kendi d\u00fc\u015f\u00fcncesine g\u00f6re yurtd\u0131\u015f\u0131 pasaportun tipini se\u00e7me hakk\u0131na sahiptir: ge\u00e7erlilik s\u00fcresi 5 y\u0131l olan ola\u011fan tip veya ge\u00e7erlilik s\u00fcresi 10 y\u0131l olan yeni [&hellip;]<\/p>\n","protected":false},"author":1,"featured_media":551,"parent":707,"menu_order":8,"comment_status":"closed","ping_status":"closed","template":"","meta":{"_mi_skip_tracking":false,"_monsterinsights_sitenote_active":false,"_monsterinsights_sitenote_note":"","_monsterinsights_sitenote_category":0,"footnotes":""},"_links":{"self":[{"href":"http:\/\/arkonconsult.ru\/index.php?rest_route=\/wp\/v2\/pages\/773"}],"collection":[{"href":"http:\/\/arkonconsult.ru\/index.php?rest_route=\/wp\/v2\/pages"}],"about":[{"href":"http:\/\/arkonconsult.ru\/index.php?rest_route=\/wp\/v2\/types\/page"}],"author":[{"embeddable":true,"href":"http:\/\/arkonconsult.ru\/index.php?rest_route=\/wp\/v2\/users\/1"}],"replies":[{"embeddable":true,"href":"http:\/\/arkonconsult.ru\/index.php?rest_route=%2Fwp%2Fv2%2Fcomments&post=773"}],"version-history":[{"count":2,"href":"http:\/\/arkonconsult.ru\/index.php?rest_route=\/wp\/v2\/pages\/773\/revisions"}],"predecessor-version":[{"id":1324,"href":"http:\/\/arkonconsult.ru\/index.php?rest_route=\/wp\/v2\/pages\/773\/revisions\/1324"}],"up":[{"embeddable":true,"href":"http:\/\/arkonconsult.ru\/index.php?rest_route=\/wp\/v2\/pages\/707"}],"wp:featuredmedia":[{"embeddable":true,"href":"http:\/\/arkonconsult.ru\/index.php?rest_route=\/wp\/v2\/media\/551"}],"wp:attachment":[{"href":"http:\/\/arkonconsult.ru\/index.php?rest_route=%2Fwp%2Fv2%2Fmedia&parent=773"}],"curies":[{"name":"wp","href":"https:\/\/api.w.org\/{rel}","templated":true}]}}