{"id":770,"date":"2015-12-21T17:14:34","date_gmt":"2015-12-21T14:14:34","guid":{"rendered":"http:\/\/arkonconsult.ru\/?page_id=770"},"modified":"2018-12-10T19:15:09","modified_gmt":"2018-12-10T16:15:09","slug":"rusya-federasyonu-vatandasligi","status":"publish","type":"page","link":"http:\/\/arkonconsult.ru\/?page_id=770&lang=tr","title":{"rendered":"Rusya Federasyonu vatanda\u015fl\u0131\u011f\u0131"},"content":{"rendered":"<p><img loading=\"lazy\" decoding=\"async\" class=\"alignleft wp-image-771 size-medium\" title=\"Rusya Federasyonu pasaportu\" src=\"http:\/\/arkonconsult.ru\/wp-content\/uploads\/2015\/12\/\u0433\u0440-\u0432\u043e-\u0420\u0424-300x239.jpg\" alt=\"Rusya Federasyonu pasaportu\" width=\"300\" height=\"239\" srcset=\"http:\/\/arkonconsult.ru\/wp-content\/uploads\/2015\/12\/\u0433\u0440-\u0432\u043e-\u0420\u0424-300x239.jpg 300w, http:\/\/arkonconsult.ru\/wp-content\/uploads\/2015\/12\/\u0433\u0440-\u0432\u043e-\u0420\u0424.jpg 480w\" sizes=\"(max-width: 300px) 100vw, 300px\" \/><\/p>\n<p>Onsekiz ya\u015f\u0131na ula\u015fm\u0131\u015f ve fiil ehliyetine sahip olan yabanc\u0131 vatanda\u015f veya vatanda\u015fl\u0131\u011f\u0131 olm\u0131yan ki\u015filerin, Rusya Federasyonu vatanda\u015fl\u0131\u011f\u0131n\u0131 kazanma dilek\u00e7esi ile ba\u015fvurma haklar\u0131 vard\u0131r.<\/p>\n<p>Rusya Federasyonu vatanda\u015fl\u0131\u011f\u0131na girmeden \u00f6nce yabanc\u0131 vatanda\u015f\u0131n, be\u015f y\u0131l s\u00fcre i\u00e7inde (ikamet tezkeresinin al\u0131nmas\u0131 g\u00fcn\u00fcnden itibaren ve Rusya Federasyonu vatanda\u015fl\u0131\u011f\u0131n\u0131 kazanma dilek\u00e7esinin sunulmas\u0131 g\u00fcn\u00fcne kadar), oturma izni ile ilgili taleplerinin yerine getirilmesi ka\u00e7\u0131n\u0131lmaz \u015fart\u0131 ile ge\u00e7ici oturma iznini ve ikamet tezkeresini alma i\u015flemlerinden ge\u00e7mesi gerekmektedir.<\/p>\n<p>Rusya Federasyonu vatanda\u015fl\u0131\u011f\u0131 konusundaki dilek\u00e7eler, ba\u015fvuran\u0131n oturdu\u011fu yere g\u00f6re sunulmaktad\u0131r:<\/p>\n<p>a) Rusya Federasyonu&#8217;nda oturan ki\u015fi taraf\u0131ndan Federal G\u00f6\u00e7 Servisi&#8217;nin b\u00f6lgesel m\u00fcd\u00fcrl\u00fc\u011f\u00fcne sunulmaktad\u0131r;<\/p>\n<p>b) Rusya Federasyonu s\u0131n\u0131rlar\u0131 d\u0131\u015f\u0131nda oturan ve Rusya Federasyonu s\u0131n\u0131rlar\u0131 i\u00e7inde oturma yeri olm\u0131yan ki\u015fi taraf\u0131ndan Rusya Federasyonu s\u0131n\u0131rlar\u0131 d\u0131\u015f\u0131nda bulunan Rusya Federasyonu diplomatik temsilcili\u011fine veya konsolosluk b\u00fcrosuna sunulmaktad\u0131r.<\/p>\n<p>Dilek\u00e7e ba\u015fvuran taraf\u0131ndan \u015fahsen sunulmaktad\u0131r.<\/p>\n<p>\u00abRusya Federasyonu Vatanda\u015fl\u0131\u011f\u0131 Hakk\u0131nda\u00bb Federal Kanuna g\u00f6re yabanc\u0131 vatanda\u015flar\u0131n ve vatanda\u015fl\u0131\u011f\u0131 olm\u0131yan ki\u015filerin belirli kategorileri, Rusya Federasyonu vatanda\u015fl\u0131\u011f\u0131n\u0131n kazan\u0131lmas\u0131 konusunda avantajdan yararlanmaktad\u0131rlar. Yabanc\u0131 vatanda\u015flar\u0131n bu t\u00fcr kategorileri i\u00e7in Rusya Federasyonu vatanda\u015fl\u0131\u011f\u0131n kazan\u0131lmas\u0131, basitle\u015ftirilmi\u015f i\u015fleme g\u00f6re ger\u00e7ekle\u015ftirilmektedir.<\/p>\n<p>Vatanda\u015fl\u0131\u011f\u0131n kazan\u0131lmas\u0131 dilek\u00e7esi ile birlikte Federal G\u00f6\u00e7 Servisi&#8217;nin b\u00f6lgesel m\u00fcd\u00fcrl\u00fc\u011f\u00fcne sunulan belgelerin listesi, g\u00f6revli ile ilk bulu\u015fma s\u0131ras\u0131nda ba\u015fvuran\u0131n sundu\u011fu belgelerin \u00e7e\u015fitli\u011fine ba\u011fl\u0131 olarak ve vatanda\u015fl\u0131\u011f\u0131n\u0131n kazan\u0131lmas\u0131 sebeplerine dayanarak Federal G\u00f6\u00e7 Servisi g\u00f6revli taraf\u0131ndan belirlenmektedir.<\/p>\n","protected":false},"excerpt":{"rendered":"<p>Onsekiz ya\u015f\u0131na ula\u015fm\u0131\u015f ve fiil ehliyetine sahip olan yabanc\u0131 vatanda\u015f veya vatanda\u015fl\u0131\u011f\u0131 olm\u0131yan ki\u015filerin, Rusya Federasyonu vatanda\u015fl\u0131\u011f\u0131n\u0131 kazanma dilek\u00e7esi ile ba\u015fvurma haklar\u0131 vard\u0131r. Rusya Federasyonu vatanda\u015fl\u0131\u011f\u0131na girmeden \u00f6nce yabanc\u0131 vatanda\u015f\u0131n, be\u015f y\u0131l s\u00fcre i\u00e7inde (ikamet tezkeresinin al\u0131nmas\u0131 g\u00fcn\u00fcnden itibaren ve Rusya Federasyonu vatanda\u015fl\u0131\u011f\u0131n\u0131 kazanma dilek\u00e7esinin sunulmas\u0131 g\u00fcn\u00fcne kadar), oturma izni ile ilgili taleplerinin yerine getirilmesi [&hellip;]<\/p>\n","protected":false},"author":1,"featured_media":525,"parent":758,"menu_order":3,"comment_status":"closed","ping_status":"closed","template":"","meta":{"_mi_skip_tracking":false,"_monsterinsights_sitenote_active":false,"_monsterinsights_sitenote_note":"","_monsterinsights_sitenote_category":0,"footnotes":""},"_links":{"self":[{"href":"http:\/\/arkonconsult.ru\/index.php?rest_route=\/wp\/v2\/pages\/770"}],"collection":[{"href":"http:\/\/arkonconsult.ru\/index.php?rest_route=\/wp\/v2\/pages"}],"about":[{"href":"http:\/\/arkonconsult.ru\/index.php?rest_route=\/wp\/v2\/types\/page"}],"author":[{"embeddable":true,"href":"http:\/\/arkonconsult.ru\/index.php?rest_route=\/wp\/v2\/users\/1"}],"replies":[{"embeddable":true,"href":"http:\/\/arkonconsult.ru\/index.php?rest_route=%2Fwp%2Fv2%2Fcomments&post=770"}],"version-history":[{"count":4,"href":"http:\/\/arkonconsult.ru\/index.php?rest_route=\/wp\/v2\/pages\/770\/revisions"}],"predecessor-version":[{"id":1323,"href":"http:\/\/arkonconsult.ru\/index.php?rest_route=\/wp\/v2\/pages\/770\/revisions\/1323"}],"up":[{"embeddable":true,"href":"http:\/\/arkonconsult.ru\/index.php?rest_route=\/wp\/v2\/pages\/758"}],"wp:featuredmedia":[{"embeddable":true,"href":"http:\/\/arkonconsult.ru\/index.php?rest_route=\/wp\/v2\/media\/525"}],"wp:attachment":[{"href":"http:\/\/arkonconsult.ru\/index.php?rest_route=%2Fwp%2Fv2%2Fmedia&parent=770"}],"curies":[{"name":"wp","href":"https:\/\/api.w.org\/{rel}","templated":true}]}}