{"id":761,"date":"2015-12-21T16:42:00","date_gmt":"2015-12-21T13:42:00","guid":{"rendered":"http:\/\/arkonconsult.ru\/?page_id=761"},"modified":"2018-12-10T19:11:59","modified_gmt":"2018-12-10T16:11:59","slug":"gecici-oturma-izni","status":"publish","type":"page","link":"http:\/\/arkonconsult.ru\/?page_id=761&lang=tr","title":{"rendered":"Ge\u00e7ici oturma izni"},"content":{"rendered":"<p><img loading=\"lazy\" decoding=\"async\" class=\"alignleft wp-image-762 size-medium\" title=\"Ge\u00e7ici oturma izni\" src=\"http:\/\/arkonconsult.ru\/wp-content\/uploads\/2015\/12\/\u0420\u0412\u041f-300x239.jpg\" alt=\"Ge\u00e7ici oturma izni\" width=\"300\" height=\"239\" srcset=\"http:\/\/arkonconsult.ru\/wp-content\/uploads\/2015\/12\/\u0420\u0412\u041f-300x239.jpg 300w, http:\/\/arkonconsult.ru\/wp-content\/uploads\/2015\/12\/\u0420\u0412\u041f.jpg 480w\" sizes=\"(max-width: 300px) 100vw, 300px\" \/>Rusya Federasyonu Ge\u00e7ici Oturma \u0130zni, yabanc\u0131 vatanda\u015f\u0131n veya vatanda\u015fl\u0131\u011f\u0131 olm\u0131yan ki\u015finin Rusya\u2019da ge\u00e7ici oturma hakk\u0131n\u0131n teyididir.<\/p>\n<p>O, yabanc\u0131 vatanda\u015f\u0131n veya vatanda\u015fl\u0131\u011f\u0131 olm\u0131yan ki\u015finin kimli\u011fini teyit eden belgede bir not \u015feklinde veya kimli\u011fini teyit eden belge yoksa vatanda\u015fl\u0131\u011f\u0131 olm\u0131yan ki\u015fiye verilen saptanan formdaki belge \u015feklinde d\u00fczenlenmektedir.<\/p>\n<p>Rusya Federasyonu s\u0131n\u0131rlar\u0131 i\u00e7inde yasal olarak bulunan herhangi bir yabanc\u0131 vatanda\u015f, ge\u00e7ici oturma iznini almaya hakk\u0131 vard\u0131r. Bu izin ilave olarak \u00e7al\u0131\u015fma iznini d\u00fczenlemeden i\u015f faaliyetini ger\u00e7ekle\u015ftirmeye izin vermektedir.<\/p>\n<p>Ge\u00e7ici oturma izninin ge\u00e7erlilik s\u00fcresi 3 y\u0131l\u0131 olmaktad\u0131r. Ayn\u0131 s\u00fcreye oturma yerinde kay\u0131t ta d\u00fczenlenmektedir, bundan dolay\u0131 Rusya s\u0131n\u0131r\u0131n\u0131 her ge\u00e7i\u015ften sonra g\u00f6\u00e7 kayd\u0131na konulma ihtiyac\u0131 ortadan kald\u0131r\u0131lmaktad\u0131r. Ge\u00e7ici Oturma \u0130zninin al\u0131nmas\u0131ndan 6 ay sonra yabanc\u0131 vatanda\u015f, devaml\u0131 oturma iznini almak i\u00e7in belgeleri sunma hakk\u0131n\u0131 elde etmektedir (ikamet tezkeresini almakla birlikte).<\/p>\n<p>Ge\u00e7ici oturma izni uzat\u0131lmamaktad\u0131r.<\/p>\n<p>Ge\u00e7ici oturma izninin sona ermesi durumunda yabanc\u0131 vatanda\u015f ikamet tezkeresini d\u00fczenlenmemi\u015fse Rusya Federasyonu s\u0131n\u0131rlar\u0131n\u0131 terketmek zorundad\u0131r.<\/p>\n<p>Ge\u00e7ici Oturma \u0130zni hem her y\u0131l Rusya Federasyonu H\u00fck\u00fcmeti Karar\u0131 ile onaylanan kota dahilinde hem de kotaya bak\u0131lmaks\u0131z\u0131n da verilebilmektedir.<\/p>\n<p>Ge\u00e7ici Oturma \u0130zninin verilmesi \u00fczerinde dilek\u00e7e, iddia edilen ge\u00e7ici ikamet yerindeki Federal G\u00f6\u00e7 Servisi\u2019nin b\u00f6lgesel m\u00fcd\u00fcrl\u00fc\u011f\u00fcne yabanc\u0131 vatanda\u015f taraf\u0131\u0131ndan \u015fahsen ka\u011f\u0131t ortam\u0131nda sunulmaktad\u0131r.<\/p>\n<p>Ge\u00e7ici Oturma \u0130zni dilek\u00e7esi, devlet ve belediye hizmetlerinin Internet portal\u0131 \u00fczerinden elektronik ortamda da sunulabilir.<\/p>\n<p>Ge\u00e7ici Oturma \u0130zninin al\u0131nmas\u0131 i\u00e7in Federal G\u00f6\u00e7 Servisi&#8217;nin b\u00f6lgesel m\u00fcd\u00fcrl\u00fc\u011f\u00fcne sunulan belgelerin genel listesi \u015fudur:<\/p>\n<p>&#8212; dilek\u00e7e (2 n\u00fcsha);<\/p>\n<p>&#8212; dilek\u00e7enin her bir n\u00fcshas\u0131nda birer tane olmak \u00fczere siyah beyaz veya renkli 35 x 45 mm boyutunda ki\u015fisel foto\u011fraflar (2 adet);<\/p>\n<p>&#8212; ki\u015finin kimli\u011fini teyit eden belge;<\/p>\n<p>&#8212; devaml\u0131 oturma devletinnin yetkili makam\u0131 taraf\u0131ndan verilen ve ba\u015fvuran\u0131n adli sicil kayd\u0131n\u0131n olmad\u0131\u011f\u0131n\u0131 teyit eden belge;<\/p>\n<p>&#8212; yabanc\u0131 \u00fclkenin yetkili makam\u0131 taraf\u0131ndan verilen ikamet tezkeresi veya yabanc\u0131 vatanda\u015f\u0131n vatanda\u015fl\u0131k aidiyeti d\u0131\u015f\u0131ndaki \u00fclkede oturmas\u0131n\u0131 teyit eden di\u011fer belge;<\/p>\n<p>&#8212; yabanc\u0131 vatanda\u015f\u0131n, ba\u015fkalar\u0131 i\u00e7in tehlike olu\u015fturabilir uyu\u015fturucuye ba\u011f\u0131ml\u0131l\u0131k hastal\u0131\u011f\u0131 ve bula\u015f\u0131c\u0131 hastal\u0131klar\u0131n\u0131n yoklu\u011funu teyit eden belge ve insan ba\u011f\u0131\u015f\u0131kl\u0131k eksikli\u011fi vir\u00fcs\u00fcn\u00fcn (HIV enfeksiyonu) sebep oldu\u011fu hastal\u0131\u011f\u0131n yoklu\u011fu hakk\u0131nda belge;<\/p>\n<p>&#8212; yabanc\u0131 vatanda\u015f\u0131n, Rus dili, Rusya tarihi ve mevzuat\u0131n\u0131n temellerini bildi\u011fini teyit eden belge.<\/p>\n<p>Yukar\u0131da sunulan liste genel olmaktad\u0131r. Ba\u015fvuran\u0131n somut durumuna ba\u011fl\u0131 olarak ek belgelerin (\u00f6rne\u011fin, evlilik c\u00fczdan\u0131, orta \u00f6\u011frenim belgesi, diplomalar vb.) sunulmas\u0131 gerekebilir.<\/p>\n","protected":false},"excerpt":{"rendered":"<p>Rusya Federasyonu Ge\u00e7ici Oturma \u0130zni, yabanc\u0131 vatanda\u015f\u0131n veya vatanda\u015fl\u0131\u011f\u0131 olm\u0131yan ki\u015finin Rusya\u2019da ge\u00e7ici oturma hakk\u0131n\u0131n teyididir. O, yabanc\u0131 vatanda\u015f\u0131n veya vatanda\u015fl\u0131\u011f\u0131 olm\u0131yan ki\u015finin kimli\u011fini teyit eden belgede bir not \u015feklinde veya kimli\u011fini teyit eden belge yoksa vatanda\u015fl\u0131\u011f\u0131 olm\u0131yan ki\u015fiye verilen saptanan formdaki belge \u015feklinde d\u00fczenlenmektedir. Rusya Federasyonu s\u0131n\u0131rlar\u0131 i\u00e7inde yasal olarak bulunan herhangi bir yabanc\u0131 [&hellip;]<\/p>\n","protected":false},"author":1,"featured_media":520,"parent":758,"menu_order":1,"comment_status":"closed","ping_status":"closed","template":"","meta":{"_mi_skip_tracking":false,"_monsterinsights_sitenote_active":false,"_monsterinsights_sitenote_note":"","_monsterinsights_sitenote_category":0,"footnotes":""},"_links":{"self":[{"href":"http:\/\/arkonconsult.ru\/index.php?rest_route=\/wp\/v2\/pages\/761"}],"collection":[{"href":"http:\/\/arkonconsult.ru\/index.php?rest_route=\/wp\/v2\/pages"}],"about":[{"href":"http:\/\/arkonconsult.ru\/index.php?rest_route=\/wp\/v2\/types\/page"}],"author":[{"embeddable":true,"href":"http:\/\/arkonconsult.ru\/index.php?rest_route=\/wp\/v2\/users\/1"}],"replies":[{"embeddable":true,"href":"http:\/\/arkonconsult.ru\/index.php?rest_route=%2Fwp%2Fv2%2Fcomments&post=761"}],"version-history":[{"count":4,"href":"http:\/\/arkonconsult.ru\/index.php?rest_route=\/wp\/v2\/pages\/761\/revisions"}],"predecessor-version":[{"id":1320,"href":"http:\/\/arkonconsult.ru\/index.php?rest_route=\/wp\/v2\/pages\/761\/revisions\/1320"}],"up":[{"embeddable":true,"href":"http:\/\/arkonconsult.ru\/index.php?rest_route=\/wp\/v2\/pages\/758"}],"wp:featuredmedia":[{"embeddable":true,"href":"http:\/\/arkonconsult.ru\/index.php?rest_route=\/wp\/v2\/media\/520"}],"wp:attachment":[{"href":"http:\/\/arkonconsult.ru\/index.php?rest_route=%2Fwp%2Fv2%2Fmedia&parent=761"}],"curies":[{"name":"wp","href":"https:\/\/api.w.org\/{rel}","templated":true}]}}