{"id":758,"date":"2015-12-21T16:31:45","date_gmt":"2015-12-21T13:31:45","guid":{"rendered":"http:\/\/arkonconsult.ru\/?page_id=758"},"modified":"2018-12-10T19:10:17","modified_gmt":"2018-12-10T16:10:17","slug":"gecici-oturma-izni-ikamet-tezkeresi-rusya-federasyonu-vatandasligi","status":"publish","type":"page","link":"http:\/\/arkonconsult.ru\/?page_id=758&lang=tr","title":{"rendered":"Ge\u00e7ici Oturma \u0130zni, \u0130kamet Tezkeresi, Rusya Federasyonu vatanda\u015fl\u0131\u011f\u0131"},"content":{"rendered":"<p><img loading=\"lazy\" decoding=\"async\" class=\"alignleft wp-image-759 size-medium\" title=\"Rusya Federasyonu Ge\u00e7ici Oturma \u0130zni, \u0130kamet Tezkeresi ve pasaportu\" src=\"http:\/\/arkonconsult.ru\/wp-content\/uploads\/2015\/12\/\u0420\u0412\u041f-\u0412\u0416-\u0433\u0440-\u0432\u043e-2-300x239.jpg\" alt=\"Rusya Federasyonu Ge\u00e7ici Oturma \u0130zni, \u0130kamet Tezkeresi ve pasaportu\" width=\"300\" height=\"239\" srcset=\"http:\/\/arkonconsult.ru\/wp-content\/uploads\/2015\/12\/\u0420\u0412\u041f-\u0412\u0416-\u0433\u0440-\u0432\u043e-2-300x239.jpg 300w, http:\/\/arkonconsult.ru\/wp-content\/uploads\/2015\/12\/\u0420\u0412\u041f-\u0412\u0416-\u0433\u0440-\u0432\u043e-2.jpg 480w\" sizes=\"(max-width: 300px) 100vw, 300px\" \/>\u00abYabanc\u0131 Vatanda\u015flar\u0131n Hukuki Stat\u00fcs\u00fc Hakk\u0131nda\u00bb ve \u00abRusya Federasyonu Vatanda\u015fl\u0131\u011f\u0131 Hakk\u0131nda\u00bb Federal kanunlar\u0131na g\u00f6re yabanc\u0131 vatanda\u015f, Rusya Federasyonu&#8217;nda \u00a0<a href=\"http:\/\/arkonconsult.ru\/?page_id=761\">ge\u00e7ici<\/a> veya <a href=\"http:\/\/arkonconsult.ru\/?page_id=767\">devaml\u0131<\/a>\u00a0oturma iznini alabilir, ayr\u0131ca <a href=\"http:\/\/arkonconsult.ru\/?page_id=770\">Rusya Federasyonu vatanda\u015fl\u0131\u011f\u0131na<\/a> kabul edilebilir.<\/p>\n","protected":false},"excerpt":{"rendered":"<p>\u00abYabanc\u0131 Vatanda\u015flar\u0131n Hukuki Stat\u00fcs\u00fc Hakk\u0131nda\u00bb ve \u00abRusya Federasyonu Vatanda\u015fl\u0131\u011f\u0131 Hakk\u0131nda\u00bb Federal kanunlar\u0131na g\u00f6re yabanc\u0131 vatanda\u015f, Rusya Federasyonu&#8217;nda \u00a0ge\u00e7ici veya devaml\u0131\u00a0oturma iznini alabilir, ayr\u0131ca Rusya Federasyonu vatanda\u015fl\u0131\u011f\u0131na kabul edilebilir.<\/p>\n","protected":false},"author":1,"featured_media":493,"parent":707,"menu_order":7,"comment_status":"closed","ping_status":"closed","template":"","meta":{"_mi_skip_tracking":false,"_monsterinsights_sitenote_active":false,"_monsterinsights_sitenote_note":"","_monsterinsights_sitenote_category":0,"footnotes":""},"_links":{"self":[{"href":"http:\/\/arkonconsult.ru\/index.php?rest_route=\/wp\/v2\/pages\/758"}],"collection":[{"href":"http:\/\/arkonconsult.ru\/index.php?rest_route=\/wp\/v2\/pages"}],"about":[{"href":"http:\/\/arkonconsult.ru\/index.php?rest_route=\/wp\/v2\/types\/page"}],"author":[{"embeddable":true,"href":"http:\/\/arkonconsult.ru\/index.php?rest_route=\/wp\/v2\/users\/1"}],"replies":[{"embeddable":true,"href":"http:\/\/arkonconsult.ru\/index.php?rest_route=%2Fwp%2Fv2%2Fcomments&post=758"}],"version-history":[{"count":4,"href":"http:\/\/arkonconsult.ru\/index.php?rest_route=\/wp\/v2\/pages\/758\/revisions"}],"predecessor-version":[{"id":1319,"href":"http:\/\/arkonconsult.ru\/index.php?rest_route=\/wp\/v2\/pages\/758\/revisions\/1319"}],"up":[{"embeddable":true,"href":"http:\/\/arkonconsult.ru\/index.php?rest_route=\/wp\/v2\/pages\/707"}],"wp:featuredmedia":[{"embeddable":true,"href":"http:\/\/arkonconsult.ru\/index.php?rest_route=\/wp\/v2\/media\/493"}],"wp:attachment":[{"href":"http:\/\/arkonconsult.ru\/index.php?rest_route=%2Fwp%2Fv2%2Fmedia&parent=758"}],"curies":[{"name":"wp","href":"https:\/\/api.w.org\/{rel}","templated":true}]}}