{"id":755,"date":"2015-12-21T16:27:57","date_gmt":"2015-12-21T13:27:57","guid":{"rendered":"http:\/\/arkonconsult.ru\/?page_id=755"},"modified":"2018-12-10T19:07:37","modified_gmt":"2018-12-10T16:07:37","slug":"vizeye-dayanarak-rusya-federasyonuna-gelen-vatandaslarin-calisma-izinleri","status":"publish","type":"page","link":"http:\/\/arkonconsult.ru\/?page_id=755&lang=tr","title":{"rendered":"Vizeye dayanarak Rusya Federasyonu&#8217;na gelen vatanda\u015flar\u0131n \u00e7al\u0131\u015fma izinleri"},"content":{"rendered":"<p><img loading=\"lazy\" decoding=\"async\" class=\"alignleft wp-image-756 size-medium\" title=\"\u00e7al\u0131\u015fma izni\" src=\"http:\/\/arkonconsult.ru\/wp-content\/uploads\/2015\/12\/\u0420\u041d\u0420-300x262.jpg\" alt=\"\u00e7al\u0131\u015fma izni\" width=\"300\" height=\"262\" srcset=\"http:\/\/arkonconsult.ru\/wp-content\/uploads\/2015\/12\/\u0420\u041d\u0420-300x262.jpg 300w, http:\/\/arkonconsult.ru\/wp-content\/uploads\/2015\/12\/\u0420\u041d\u0420.jpg 492w\" sizes=\"(max-width: 300px) 100vw, 300px\" \/><\/p>\n<p>Vize al\u0131m\u0131n\u0131 gerektiren d\u00fczene g\u00f6re Rusya Federasyonu&#8217;na gelen yabanc\u0131 vatanda\u015flar\u0131 i\u015fe almay\u0131 planlayan i\u015fveren (Rus t\u00fczel ki\u015fi), ilk \u00f6nce yabanc\u0131 vatanda\u015flar\u0131n \u00e7ekilmesi ve kullan\u0131lmas\u0131 izninin verilmesi hakk\u0131nda N\u00fcfus Emek ve \u0130stihdam\u0131 b\u00f6lgesel m\u00fcd\u00fcrl\u00fc\u011f\u00fcne talebi y\u00f6nlendirmelidir.<\/p>\n<p>Talebin \u0130stihdam Merkezi taraf\u0131ndan onaylanmas\u0131ndan sonra i\u015fveren, ge\u00e7erlilik s\u00fcresi bir y\u0131ldan daha fazla olam\u0131yacak \u2018Yabanc\u0131 Vatanda\u015flar\u0131n \u0130\u015fe \u00c7ekilmesi ve Kullan\u0131lmas\u0131 \u0130zni\u2019nin d\u00fczenlenmesi i\u00e7in gereken belgeleri Federas\u0131 G\u00f6\u00e7 Servisi&#8217;ne sunmaktad\u0131r.<\/p>\n<p>\u2018Yabanc\u0131 Vatanda\u015flar\u0131n \u0130\u015fe \u00c7ekilmesi ve Kullan\u0131lmas\u0131 \u0130zni\u2019nin d\u00fczenlenmesi i\u00e7in gerekli belgelerin listesi:<\/p>\n<p>&#8212; \u2018Yabanc\u0131 Vatanda\u015flar\u0131n \u0130\u015fe \u00c7ekilmesi ve Kullan\u0131lmas\u0131 \u0130zni\u2019nin verilmesi hakk\u0131ndaki dilek\u00e7e (2 n\u00fcsha);<\/p>\n<p>&#8212; devlet resminin \u00f6denmesi hakk\u0131nda belgenin orjinali (\u00f6deme tutar\u0131 herbir \u00e7ekilen yabanc\u0131 vatanda\u015f i\u00e7in 10000 Ruble, \u00f6deme a\u00e7\u0131klanmas\u0131 \u2018Yabanc\u0131 personelin \u00e7ekilmesi ve kullan\u0131lmas\u0131 izninin d\u00fczenlenmesi i\u00e7in devlet resmi\u2019 olmaktad\u0131r);<\/p>\n<p>&#8212; i\u015f s\u00f6zle\u015fmesi tasla\u011f\u0131 veya yabanc\u0131 eleman\u0131n \u00e7ekilmesine y\u00f6nelik niyeti ve cal\u0131\u015fma ko\u015fullar\u0131 ile ilgili \u00f6n anla\u015fman\u0131n yabanc\u0131 vatanda\u015f veya yabanc\u0131 ortak ile var\u0131lmas\u0131n\u0131 do\u011frulayan di\u011fer belgeler (yabanc\u0131 eleman\u0131n g\u00f6revi \u015firketin genel m\u00fcd\u00fcr\u00fc olacaksa onun atanmas\u0131 veya se\u00e7ilmesi hakk\u0131nda kurucular\u0131n karar\u0131n\u0131n kopyas\u0131n\u0131 sunmak gerekmektedir);<\/p>\n<p>&#8212; Rusya Federal G\u00f6\u00e7 Servisi b\u00f6lgesel M\u00fcd\u00fcrl\u00fc\u011f\u00fc&#8217;nde \u00e7\u0131karlar\u0131 temsil etme yetkisi olan ki\u015fiye \u015firketin vekaletnamesi (genel m\u00fcd\u00fcr\u00fcn imzas\u0131 ve \u015firketin m\u00fchr\u00fc ile tasdikli);<\/p>\n<p>&#8212; N\u00fcfus Emek ve \u0130stihdam M\u00fcd\u00fcrl\u00fc\u011f\u00fcn&#8217;ne sunulmu\u015f olan yabanc\u0131 personelin \u00e7ekilmesi ve kullan\u0131m\u0131 ile ilgili sorgulama (2 n\u00fcsha);<\/p>\n<p>&#8212; \u00a0i\u015fveren \u015firketin, T\u00fczel Ki\u015filerin Birle\u015ftirilmi\u015f Devlet Sicili\u2019nde kay\u0131t edilmesi \u00a0belgesi (fotokopi);<\/p>\n<p>&#8212; i\u015fveren \u015firketin yerli vergi dairesinde kayda konulmas\u0131 belgesi (fotokopi).<\/p>\n<p>\u2018Yabanc\u0131 Vatanda\u015flar\u0131n \u0130\u015fe \u00c7ekilmesi ve Kullan\u0131lmas\u0131 \u0130zni\u2019nin al\u0131nmas\u0131ndan sonra yap\u0131lmas\u0131 gereken eylem, ge\u00e7erlilik s\u00fcresinin t\u00fczel ki\u015fiye verilen \u2018\u0130znin\u2019 ge\u00e7erlilik s\u00fcresini a\u015fmayaca\u011f\u0131 yabanc\u0131 \u00e7al\u0131\u015fan personelin \u00e7al\u0131\u015fma iznini d\u00fczenlemek i\u00e7in belgelerin sunulmas\u0131 olmaktad\u0131r.<\/p>\n<p>\u00c7al\u0131\u015fma izinlerinin al\u0131nmas\u0131 i\u00e7in Rusya Federasyonu Federal G\u00f6\u00e7 Servisi&#8217;ne sunulacak belgeler \u015funlard\u0131r:<\/p>\n<p>&#8212; her \u00e7al\u0131\u015ft\u0131r\u0131lan yabanc\u0131 vatanda\u015f\u00a0 i\u00e7in \u00e7al\u0131\u015fma izninin verilmesi hakk\u0131nda dilek\u00e7e;<\/p>\n<p>&#8212; 30 x 40 mm boyutunda yabanc\u0131 vatanda\u015f\u0131n renkli foto\u011fraf\u0131;<\/p>\n<p>&#8212; yabanc\u0131 eleman\u0131n kimli\u011fini do\u011frulayan belgenin fotokopisi;<\/p>\n<p>&#8212; yabanc\u0131 eleman\u0131n mesleki e\u011fitimi ve onun yabanc\u0131 \u00fclkede ald\u0131\u011f\u0131 mesleki yetkinle\u015fme belgenin fotokopisi veya b\u00f6yle belgenin mesleki e\u011fitim Rus diplomas\u0131na (belgeye) denkli\u011fi hakk\u0131nda ilm\u00fchaber;<\/p>\n<p>&#8212; yabanc\u0131 eleman\u0131n, ba\u015fkalar\u0131 i\u00e7in tehlike olu\u015fturabilir uyu\u015fturucuye ba\u011f\u0131ml\u0131l\u0131k hastal\u0131\u011f\u0131 ve bula\u015f\u0131c\u0131 hastal\u0131klar\u0131n\u0131n yoklu\u011funu teyit eden belge ve insan ba\u011f\u0131\u015f\u0131kl\u0131k eksikli\u011fi vir\u00fcs\u00fcn\u00fcn (HIV enfeksiyonu) sebep oldu\u011fu hastal\u0131\u011f\u0131n yoklu\u011funu teyit eden belge;<\/p>\n<p>&#8212; g\u00f6n\u00fcll\u00fc sa\u011fl\u0131k sigortas\u0131 (\u2018DMS\u2019) poli\u00e7esi veya \u00fccretli hizmetlerin ver\u0131lmesi hakk\u0131nda sa\u011fl\u0131k \u015firketi ile s\u00f6zle\u015fme;<\/p>\n<p>&#8212; her \u00e7ekilen yabanc\u0131 eleman ba\u015f\u0131na 3500 Ruble tutar\u0131nda \u00e7al\u0131\u015fma izninin verilmesi i\u00e7in devlet resminin \u00f6denmesine ait makbuz.<\/p>\n<p>&nbsp;<\/p>\n<p>Ki\u015fisel \u00e7al\u0131\u015fma izninin d\u00fczenlenmesine belgelerin tesliminden sonra \u015firket, yabanc\u0131 vatanda\u015f\u0131n Rusya Federasyonu&#8217;na giri\u015fi i\u00e7in \u00e7al\u0131\u015fma vizesi davetiyesinin d\u00fczenlenmesine belgeleri sunmaktad\u0131r. Bu davetiyeye g\u00f6re yabanc\u0131 vatanda\u015f, <a href=\"http:\/\/arkonconsult.ru\/?page_id=737\">\u00e7al\u0131\u015fma vizesini<\/a> d\u00fczenleyip Rusya&#8217;ya giri\u015f yapmaktad\u0131r. Yabanc\u0131 eleman\u0131n Rusya Federasyonu\u2019na geli\u015finden sonra i\u015fveren tek giri\u015fli 3 ayl\u0131k \u00e7al\u0131\u015fma vizesinin, \u00e7al\u0131\u015fma izninin b\u00fct\u00fcn s\u00fcresini kapsayan \u00e7ok giri\u015fli \u00e7al\u0131\u015fma vizesine d\u00f6n\u00fc\u015ft\u00fcr\u00fclmesi i\u00e7in belgeleri Federal G\u00f6\u00e7 Servisi M\u00fcd\u00fcrl\u00fc\u011f\u00fc&#8217;ne sunmaktad\u0131r (ayn\u0131 zamanda vizenin b\u00fct\u00fcn ge\u00e7erlilik s\u00fcresi i\u00e7in g\u00f6\u00e7 kayd\u0131na konulmas\u0131 yap\u0131lmaktad\u0131r).<\/p>\n<p>Yabanc\u0131 vatanda\u015f ile i\u015f s\u00f6zle\u015fmesinin aktedilmesinden sonra i\u015fveren, 3 i\u015f g\u00fcn\u00fc i\u00e7inde yabanc\u0131 vatanda\u015f\u0131n i\u015fe al\u0131nmas\u0131 hakk\u0131nda Federal G\u00f6\u00e7 Servisi&#8217;ni bilgilendirmek zorundad\u0131r. (Ayn\u0131 s\u00fcre i\u00e7inde de yabanc\u0131 vatanda\u015f ile i\u015f s\u00f6zle\u015fmesinin feshi Federal G\u00f6\u00e7 Servisi&#8217;ne bildirilmelidir.) Hem de i\u015fverenin yabanc\u0131 eleman ile imzalad\u0131\u011f\u0131 i\u015f s\u00f6zle\u015fmesi veya herhangi di\u011fer belgelerin y\u00fcr\u00fcrl\u00fck s\u00fcreleri, \u00e7al\u0131\u015fma izninin ge\u00e7erlilik s\u00fcresinden daha fazla olmamal\u0131d\u0131r (demek ki bir y\u0131ldan daha fazla olamaz).<\/p>\n","protected":false},"excerpt":{"rendered":"<p>Vize al\u0131m\u0131n\u0131 gerektiren d\u00fczene g\u00f6re Rusya Federasyonu&#8217;na gelen yabanc\u0131 vatanda\u015flar\u0131 i\u015fe almay\u0131 planlayan i\u015fveren (Rus t\u00fczel ki\u015fi), ilk \u00f6nce yabanc\u0131 vatanda\u015flar\u0131n \u00e7ekilmesi ve kullan\u0131lmas\u0131 izninin verilmesi hakk\u0131nda N\u00fcfus Emek ve \u0130stihdam\u0131 b\u00f6lgesel m\u00fcd\u00fcrl\u00fc\u011f\u00fcne talebi y\u00f6nlendirmelidir. Talebin \u0130stihdam Merkezi taraf\u0131ndan onaylanmas\u0131ndan sonra i\u015fveren, ge\u00e7erlilik s\u00fcresi bir y\u0131ldan daha fazla olam\u0131yacak \u2018Yabanc\u0131 Vatanda\u015flar\u0131n \u0130\u015fe \u00c7ekilmesi ve Kullan\u0131lmas\u0131 [&hellip;]<\/p>\n","protected":false},"author":1,"featured_media":547,"parent":743,"menu_order":2,"comment_status":"closed","ping_status":"closed","template":"","meta":{"_mi_skip_tracking":false,"_monsterinsights_sitenote_active":false,"_monsterinsights_sitenote_note":"","_monsterinsights_sitenote_category":0,"footnotes":""},"_links":{"self":[{"href":"http:\/\/arkonconsult.ru\/index.php?rest_route=\/wp\/v2\/pages\/755"}],"collection":[{"href":"http:\/\/arkonconsult.ru\/index.php?rest_route=\/wp\/v2\/pages"}],"about":[{"href":"http:\/\/arkonconsult.ru\/index.php?rest_route=\/wp\/v2\/types\/page"}],"author":[{"embeddable":true,"href":"http:\/\/arkonconsult.ru\/index.php?rest_route=\/wp\/v2\/users\/1"}],"replies":[{"embeddable":true,"href":"http:\/\/arkonconsult.ru\/index.php?rest_route=%2Fwp%2Fv2%2Fcomments&post=755"}],"version-history":[{"count":4,"href":"http:\/\/arkonconsult.ru\/index.php?rest_route=\/wp\/v2\/pages\/755\/revisions"}],"predecessor-version":[{"id":1317,"href":"http:\/\/arkonconsult.ru\/index.php?rest_route=\/wp\/v2\/pages\/755\/revisions\/1317"}],"up":[{"embeddable":true,"href":"http:\/\/arkonconsult.ru\/index.php?rest_route=\/wp\/v2\/pages\/743"}],"wp:featuredmedia":[{"embeddable":true,"href":"http:\/\/arkonconsult.ru\/index.php?rest_route=\/wp\/v2\/media\/547"}],"wp:attachment":[{"href":"http:\/\/arkonconsult.ru\/index.php?rest_route=%2Fwp%2Fv2%2Fmedia&parent=755"}],"curies":[{"name":"wp","href":"https:\/\/api.w.org\/{rel}","templated":true}]}}