{"id":748,"date":"2015-12-18T17:56:34","date_gmt":"2015-12-18T14:56:34","guid":{"rendered":"http:\/\/arkonconsult.ru\/?page_id=748"},"modified":"2015-12-18T17:56:34","modified_gmt":"2015-12-18T14:56:34","slug":"rusya-federasyonuda-yabanci-vatandas-veya-vatandasligi-olmiyan-kisinin-yasa-disi-olarak-is-faaliyetine-cekilmesi-icin-cezalar","status":"publish","type":"page","link":"http:\/\/arkonconsult.ru\/?page_id=748&lang=tr","title":{"rendered":"Rusya Federasyonu&#8217;da yabanc\u0131 vatanda\u015f veya vatanda\u015fl\u0131\u011f\u0131 olm\u0131yan ki\u015finin yasa d\u0131\u015f\u0131 olarak i\u015f faaliyetine \u00e7ekilmesi i\u00e7in cezalar"},"content":{"rendered":"<p>\u0130dari Su\u00e7lar Federal Kanun&#8217;un 18-15. maddesine g\u00f6re yabanc\u0131 vatanda\u015f veya vatanda\u015fl\u0131\u011f\u0131 olm\u0131yan ki\u015fiyi federal mevzuat\u0131 gere\u011fince iznin gerekti\u011fi durumlar\u0131nda \u00e7al\u0131\u015fma izni olmadan i\u015f faaliyetine \u00e7ekme i\u00e7in a\u015fa\u011f\u0131daki tutarlar\u0131nda idari para cezas\u0131 uygulanmaktad\u0131r:<\/p>\n<p>1) \u00e7al\u0131\u015fanlara \u00a02000\u2019den 5000 Ruble&#8217;ye kadar;<\/p>\n<p>2) g\u00f6revli ki\u015filere\u00a0 20000\u2019den 50000 Ruble&#8217;ye kadar;<\/p>\n<p>3) t\u00fczel ki\u015filere 250000\u2019den 800000 Ruble&#8217;ye kadar veya doksan g\u00fcne kadar faaliyetin idari durdurulmas\u0131.<\/p>\n<p>Federal mevzuat\u0131 gere\u011fince \u2018Yabanc\u0131 Vatanda\u015flar\u0131n \u0130\u015fe \u00c7ekilmesi ve Kullan\u0131lmas\u0131 \u0130zni\u2019nin al\u0131nmas\u0131n\u0131n gerekti\u011fi durumlar\u0131nda s\u00f6z konusu izin olmadan yabanc\u0131 vatanda\u015f veya vatanda\u015fl\u0131\u011f\u0131 olm\u0131yan ki\u015fileri i\u015f faaliyetine \u00e7ekme i\u00e7in a\u015fa\u011f\u0131daki tutarlar\u0131nda idari para cezas\u0131 uygulanmaktad\u0131r:<\/p>\n<p>1) \u00e7al\u0131\u015fanlara\u00a0 2000\u2019den 5000 Ruble&#8217;ye kadar;<\/p>\n<p>2) g\u00f6revli ki\u015filere\u00a0 20000\u2019den 50000 Ruble&#8217;ye kadar;<\/p>\n<p>3) t\u00fczel ki\u015filere 250000\u2019den 800000 Ruble&#8217;ye kadar veya doksan g\u00fcne kadar faaliyetin idari durdurulmas\u0131.<\/p>\n<p>Rusya Federasyonu&#8217;nda yabanc\u0131 vatanda\u015f veya vatanda\u015fl\u0131\u011f\u0131 olm\u0131yan ki\u015fiyi i\u015f faaliyetine \u00e7ekme, herhangi bir bi\u00e7imde i\u015fleri yapma veya hizmetleri sa\u011flamaya \u00e7ekmek veya onu her t\u00fcrl\u00fc \u015fekilde \u00e7al\u0131\u015ft\u0131rmak say\u0131lmaktad\u0131r.<\/p>\n<p>Ayr\u0131ca \u0130dari Su\u00e7lar Federal Kanun&#8217;un 18-15. maddesinin 3 paragraf\u0131 uyar\u0131nca g\u00f6\u00e7 alan\u0131nda kontrol ve denetim yetkileri \u00fcstlenen icra iktidar\u0131n\u0131n b\u00f6lgesel kurumlar\u0131, yerel n\u00fcfus istihdam\u0131 konular\u0131na bakan icra iktidar\u0131n\u0131n kurumlar\u0131na g\u00f6nderilmesi gereken tebli\u011fin g\u00f6nderilmemesi i\u00e7in a\u015fa\u011f\u0131daki tutarlar\u0131nda idari para cezas\u0131 uygulanmaktad\u0131r:<\/p>\n<p>1) \u00e7al\u0131\u015fanlara\u00a0 2000\u2019den 5000 Ruble&#8217;ye kadar;<\/p>\n<p>2) g\u00f6revli ki\u015filere\u00a0 35000\u2019den 50000 Ruble&#8217;ye kadar;<\/p>\n<p>3) t\u00fczel ki\u015filere 400000\u2019den 800000 Ruble&#8217;ye kadar veya doksan g\u00fcne kadar faaliyetin idari durdurulmas\u0131.<\/p>\n<p>\u0130ki ve daha fazla yabanc\u0131 vatanda\u015flar ve (veya) vatanda\u015fl\u0131\u011f\u0131 olm\u0131yan ki\u015filerin i\u015f faaliyetine yasa d\u0131\u015f\u0131 olarak \u00e7ekilmesi durumunda bu maddelerde tarif edilen idari sorumluluk, yabanc\u0131 vatanda\u015flar\u0131 ve vatanda\u015fl\u0131\u011f\u0131 olm\u0131yan ki\u015fileri i\u015f faaliyetine \u00e7ekme kurallar\u0131n\u0131n ihlalinde her yabanc\u0131 vatanda\u015f veya vatanda\u015fl\u0131\u011f\u0131 \u00a0olm\u0131yan ki\u015fi i\u00e7in ayr\u0131 olarak uygulanmaktad\u0131r.<\/p>\n<p>\u0130dari Su\u00e7lar Federal Kanun&#8217;un 18-17. maddesinin 1 paragraf\u0131 uyar\u0131nca i\u015fveren veya i\u015flerin (hizmetlerin) m\u00fc\u015fterisinin, yabanc\u0131 vatanda\u015f ve vatanda\u015fl\u0131\u011f\u0131 olm\u0131yan ki\u015filere ait federal mevzuata g\u00f6re saptanan belirli i\u015f faaliyetlerin ger\u00e7ekle\u015ftirilmesinin s\u0131n\u0131rlanmas\u0131 ile ilgili h\u00fck\u00fcmlerine takip etmemesi, idari para cezas\u0131 ile cezaland\u0131r\u0131lmaktad\u0131r:<\/p>\n<p>1) \u00e7al\u0131\u015fanlara\u00a0 2000\u2019den 4000 Ruble&#8217;ye kadar;<\/p>\n<p>2) g\u00f6revli ki\u015filere\u00a0 45000\u2019den 50000 Ruble&#8217;ye kadar;<\/p>\n<p>3) t\u00fczel ki\u015filere 800000\u2019den 1000000 Ruble&#8217;ye kadar veya doksan g\u00fcne kadar faaliyetin idari durdurulmas\u0131.<\/p>\n","protected":false},"excerpt":{"rendered":"<p>\u0130dari Su\u00e7lar Federal Kanun&#8217;un 18-15. maddesine g\u00f6re yabanc\u0131 vatanda\u015f veya vatanda\u015fl\u0131\u011f\u0131 olm\u0131yan ki\u015fiyi federal mevzuat\u0131 gere\u011fince iznin gerekti\u011fi durumlar\u0131nda \u00e7al\u0131\u015fma izni olmadan i\u015f faaliyetine \u00e7ekme i\u00e7in a\u015fa\u011f\u0131daki tutarlar\u0131nda idari para cezas\u0131 uygulanmaktad\u0131r: 1) \u00e7al\u0131\u015fanlara \u00a02000\u2019den 5000 Ruble&#8217;ye kadar; 2) g\u00f6revli ki\u015filere\u00a0 20000\u2019den 50000 Ruble&#8217;ye kadar; 3) t\u00fczel ki\u015filere 250000\u2019den 800000 Ruble&#8217;ye kadar veya doksan g\u00fcne [&hellip;]<\/p>\n","protected":false},"author":1,"featured_media":0,"parent":743,"menu_order":0,"comment_status":"closed","ping_status":"closed","template":"","meta":{"_mi_skip_tracking":false,"_monsterinsights_sitenote_active":false,"_monsterinsights_sitenote_note":"","_monsterinsights_sitenote_category":0,"footnotes":""},"_links":{"self":[{"href":"http:\/\/arkonconsult.ru\/index.php?rest_route=\/wp\/v2\/pages\/748"}],"collection":[{"href":"http:\/\/arkonconsult.ru\/index.php?rest_route=\/wp\/v2\/pages"}],"about":[{"href":"http:\/\/arkonconsult.ru\/index.php?rest_route=\/wp\/v2\/types\/page"}],"author":[{"embeddable":true,"href":"http:\/\/arkonconsult.ru\/index.php?rest_route=\/wp\/v2\/users\/1"}],"replies":[{"embeddable":true,"href":"http:\/\/arkonconsult.ru\/index.php?rest_route=%2Fwp%2Fv2%2Fcomments&post=748"}],"version-history":[{"count":1,"href":"http:\/\/arkonconsult.ru\/index.php?rest_route=\/wp\/v2\/pages\/748\/revisions"}],"predecessor-version":[{"id":749,"href":"http:\/\/arkonconsult.ru\/index.php?rest_route=\/wp\/v2\/pages\/748\/revisions\/749"}],"up":[{"embeddable":true,"href":"http:\/\/arkonconsult.ru\/index.php?rest_route=\/wp\/v2\/pages\/743"}],"wp:attachment":[{"href":"http:\/\/arkonconsult.ru\/index.php?rest_route=%2Fwp%2Fv2%2Fmedia&parent=748"}],"curies":[{"name":"wp","href":"https:\/\/api.w.org\/{rel}","templated":true}]}}