{"id":737,"date":"2015-12-18T15:13:26","date_gmt":"2015-12-18T12:13:26","guid":{"rendered":"http:\/\/arkonconsult.ru\/?page_id=737"},"modified":"2018-12-10T18:55:48","modified_gmt":"2018-12-10T15:55:48","slug":"olagan-calisma-vizesi","status":"publish","type":"page","link":"http:\/\/arkonconsult.ru\/?page_id=737&lang=tr","title":{"rendered":"Ola\u011fan \u00e7al\u0131\u015fma vizesi"},"content":{"rendered":"<p><img loading=\"lazy\" decoding=\"async\" class=\"alignleft wp-image-812 size-medium\" title=\"Ola\u011fan \u00e7al\u0131\u015fma vizesi\" src=\"http:\/\/arkonconsult.ru\/wp-content\/uploads\/2015\/12\/\u0432\u0438\u0437\u0430-\u0440\u0430\u0431\u043e\u0447\u0430\u044f-300x262.jpg\" alt=\"Ola\u011fan \u00e7al\u0131\u015fma vizesi\" width=\"300\" height=\"262\" srcset=\"http:\/\/arkonconsult.ru\/wp-content\/uploads\/2015\/12\/\u0432\u0438\u0437\u0430-\u0440\u0430\u0431\u043e\u0447\u0430\u044f-300x262.jpg 300w, http:\/\/arkonconsult.ru\/wp-content\/uploads\/2015\/12\/\u0432\u0438\u0437\u0430-\u0440\u0430\u0431\u043e\u0447\u0430\u044f.jpg 492w\" sizes=\"(max-width: 300px) 100vw, 300px\" \/>Ola\u011fan \u00e7al\u0131\u015fma vizeleri, yabanc\u0131 i\u015f g\u00fcc\u00fc \u00e7ekilmesi izinleri kullan\u0131larak ve Rus \u015firketlerinde \u00e7al\u0131\u015fan yabanc\u0131 vatanda\u015flar i\u00e7in edinen \u00e7al\u0131\u015fma davetiyelerine dayanarak al\u0131nabilir. Rus \u015firketi, yabanc\u0131 uzman\u0131n \u00e7al\u0131\u015fma iznini ald\u0131ktan sonra ge\u00e7erlilik s\u00fcresi 90 g\u00fcnden fazla olm\u0131yan \u00e7al\u0131\u015fma davetiyesini d\u00fczenlemek i\u00e7in belgeleri sunmaktad\u0131r. Yabanc\u0131 vatanda\u015f\u0131n Rusya Federasyonu&#8217;na giri\u015finden sonra onun giri\u015f \u00e7al\u0131\u015fma vizesi \u00e7al\u0131\u015fma izninin bitimine kadarki s\u00fcreye uzat\u0131lmaktad\u0131r (ama en fazla 1 y\u0131l).<\/p>\n<p>\u00c7al\u0131\u015fma vizesini alma s\u00fcresi (\u00fc\u00e7 ayl\u0131k veya y\u0131ll\u0131k) 14-17 i\u015f g\u00fcn\u00fc olmaktad\u0131r.<\/p>\n<p>\u00c7al\u0131\u015fma vizesi, Rusya Federasyonu&#8217;na s\u0131n\u0131rs\u0131z giri\u015f olana\u011f\u0131n\u0131 ve kalma siresine bak\u0131lmaks\u0131z\u0131n Rusya&#8217;da bulunma hakk\u0131n\u0131 vermektedir.<\/p>\n<p>\u00c7al\u0131\u015fma vizesinde Rusya Federasyonu&#8217;na giri\u015f amac\u0131 olarak genellikle i\u015fe \u00fccretli \u00e7al\u0131\u015fma g\u00f6sterilmektedir.<\/p>\n<p>\u00c7al\u0131\u015fma vizesinin al\u0131m\u0131 i\u00e7in davetiyenin verilmesi hakk\u0131ndaki dilek\u00e7e, Federal G\u00f6\u00e7 Servisi M\u00fcd\u00fcrl\u00fc\u011f\u00fc&#8217;ne sadece yabanc\u0131 \u00e7al\u0131\u015fan\u0131n i\u015fvereni taraf\u0131ndan sunulabilir. Ama ad\u0131 ge\u00e7en konu ile Federal G\u00f6\u00e7 Servisi M\u00fcd\u00fcrl\u00fc\u011f\u00fc&#8217;ne ba\u015fvuran Rus \u015firketinin, hem\u00a0<a href=\"http:\/\/arkonconsult.ru\/?page_id=717\">bu m\u00fcd\u00fcrl\u00fc\u011f\u00fcnde kay\u0131tl\u0131 olmas\u0131 veya kayda konulma i\u015flemesinden ge\u00e7mesi<\/a>, hem de yabanc\u0131 elemanlar\u0131 i\u015fe alma ve \u00e7al\u0131\u015ft\u0131rma izninin ve ilgili yabanc\u0131 g\u00f6revlinin ki\u015fisel \u00e7al\u0131\u015fma izninin alm\u0131\u015f olmas\u0131 gerekmektedir.<\/p>\n<p>\u00c7al\u0131\u015fma vizesi davetiyesinin d\u00fczenlenmesi i\u00e7in yabanc\u0131 vatanda\u015f, yabanc\u0131 pasaportun fotokopisini (ki\u015fisel bilgiler, pasaportun ge\u00e7erlilik s\u00fcresi bulunan sayfalar ve varsa daha \u00f6nce al\u0131nan Rus vizeleri olan sayfalar dahil olmak \u00fczere) onu \u00e7al\u0131\u015ft\u0131ran \u015firkete sunmal\u0131d\u0131r.<\/p>\n","protected":false},"excerpt":{"rendered":"<p>Ola\u011fan \u00e7al\u0131\u015fma vizeleri, yabanc\u0131 i\u015f g\u00fcc\u00fc \u00e7ekilmesi izinleri kullan\u0131larak ve Rus \u015firketlerinde \u00e7al\u0131\u015fan yabanc\u0131 vatanda\u015flar i\u00e7in edinen \u00e7al\u0131\u015fma davetiyelerine dayanarak al\u0131nabilir. Rus \u015firketi, yabanc\u0131 uzman\u0131n \u00e7al\u0131\u015fma iznini ald\u0131ktan sonra ge\u00e7erlilik s\u00fcresi 90 g\u00fcnden fazla olm\u0131yan \u00e7al\u0131\u015fma davetiyesini d\u00fczenlemek i\u00e7in belgeleri sunmaktad\u0131r. Yabanc\u0131 vatanda\u015f\u0131n Rusya Federasyonu&#8217;na giri\u015finden sonra onun giri\u015f \u00e7al\u0131\u015fma vizesi \u00e7al\u0131\u015fma izninin bitimine kadarki [&hellip;]<\/p>\n","protected":false},"author":1,"featured_media":537,"parent":725,"menu_order":3,"comment_status":"closed","ping_status":"closed","template":"","meta":{"_mi_skip_tracking":false,"_monsterinsights_sitenote_active":false,"_monsterinsights_sitenote_note":"","_monsterinsights_sitenote_category":0,"footnotes":""},"_links":{"self":[{"href":"http:\/\/arkonconsult.ru\/index.php?rest_route=\/wp\/v2\/pages\/737"}],"collection":[{"href":"http:\/\/arkonconsult.ru\/index.php?rest_route=\/wp\/v2\/pages"}],"about":[{"href":"http:\/\/arkonconsult.ru\/index.php?rest_route=\/wp\/v2\/types\/page"}],"author":[{"embeddable":true,"href":"http:\/\/arkonconsult.ru\/index.php?rest_route=\/wp\/v2\/users\/1"}],"replies":[{"embeddable":true,"href":"http:\/\/arkonconsult.ru\/index.php?rest_route=%2Fwp%2Fv2%2Fcomments&post=737"}],"version-history":[{"count":5,"href":"http:\/\/arkonconsult.ru\/index.php?rest_route=\/wp\/v2\/pages\/737\/revisions"}],"predecessor-version":[{"id":1312,"href":"http:\/\/arkonconsult.ru\/index.php?rest_route=\/wp\/v2\/pages\/737\/revisions\/1312"}],"up":[{"embeddable":true,"href":"http:\/\/arkonconsult.ru\/index.php?rest_route=\/wp\/v2\/pages\/725"}],"wp:featuredmedia":[{"embeddable":true,"href":"http:\/\/arkonconsult.ru\/index.php?rest_route=\/wp\/v2\/media\/537"}],"wp:attachment":[{"href":"http:\/\/arkonconsult.ru\/index.php?rest_route=%2Fwp%2Fv2%2Fmedia&parent=737"}],"curies":[{"name":"wp","href":"https:\/\/api.w.org\/{rel}","templated":true}]}}