{"id":725,"date":"2015-12-18T13:16:51","date_gmt":"2015-12-18T10:16:51","guid":{"rendered":"http:\/\/arkonconsult.ru\/?page_id=725"},"modified":"2018-12-18T11:43:35","modified_gmt":"2018-12-18T08:43:35","slug":"rusya-federasyonuna-giris-vizeleri","status":"publish","type":"page","link":"http:\/\/arkonconsult.ru\/?page_id=725&lang=tr","title":{"rendered":"Rusya Federasyonu&#8217;na giri\u015f vizeleri"},"content":{"rendered":"<p><img loading=\"lazy\" decoding=\"async\" class=\"alignright wp-image-1381 size-medium\" title=\"Rusya Federasyonu'na giri\u015f vizesi\" src=\"http:\/\/arkonconsult.ru\/wp-content\/uploads\/2018\/12\/\u0412\u0438\u0437\u0430-\u0432-\u0420\u043e\u0441\u0441\u0438\u044e-1024x625-300x183.jpg\" alt=\"\u0412\u0438\u0437\u0430 \u0432 \u0420\u043e\u0441\u0441\u0438\u044e\" width=\"300\" height=\"183\" srcset=\"http:\/\/arkonconsult.ru\/wp-content\/uploads\/2018\/12\/\u0412\u0438\u0437\u0430-\u0432-\u0420\u043e\u0441\u0441\u0438\u044e-1024x625-300x183.jpg 300w, http:\/\/arkonconsult.ru\/wp-content\/uploads\/2018\/12\/\u0412\u0438\u0437\u0430-\u0432-\u0420\u043e\u0441\u0441\u0438\u044e-1024x625-768x469.jpg 768w, http:\/\/arkonconsult.ru\/wp-content\/uploads\/2018\/12\/\u0412\u0438\u0437\u0430-\u0432-\u0420\u043e\u0441\u0441\u0438\u044e-1024x625.jpg 1024w\" sizes=\"(max-width: 300px) 100vw, 300px\" \/>Rusya&#8217;y\u0131 ziyaret etmeyi planlayan herhangi bir yabanc\u0131 vatanda\u015f (veya vatanda\u015fl\u0131\u011f\u0131 olm\u0131yan ki\u015fi), Rusya Federasyonu&#8217;na giri\u015f i\u00e7in \u00f6nce Rusya Federasyonu konsolosluklardan birinden vizeyi almak zorundad\u0131r. Uluslararas\u0131 hukuk normlar\u0131na g\u00f6re vize, ba\u015fka bir devletin s\u0131n\u0131rlar\u0131 i\u00e7ine girmek i\u00e7in gerekli olan resmi izindir. \u0130stisnalar, Rusya&#8217;n\u0131n vizesiz rejimi hakk\u0131nda imzalanan anla\u015fmalar\u0131 olan \u00fclkelerin vatanda\u015flar\u0131 olu\u015fturmaktad\u0131r. <u><a href=\"http:\/\/arkonconsult.ru\/?page_id=730\">B\u00f6yle \u00fclkelerin listesini buradan g\u00f6rebilirsiniz<\/a><\/u><u>.<\/u><em><u>\u00a0<\/u><\/em><\/p>\n<p>Rusya Federasyonu&#8217;na giri\u015f vizesi, Rusya Federasyonu&#8217;nun konsolosluk kurulu\u015flar\u0131nda d\u00fczenlenmektedir. Vizenin verilmesinin dayana\u011f\u0131, yabanc\u0131 vatanda\u015f\u0131n Rusya&#8217;l\u0131 t\u00fczel veya ger\u00e7ek ki\u015fiden ald\u0131\u011f\u0131 <a href=\"http:\/\/arkonconsult.ru\/?page_id=732\">vize davetiyesi<\/a> olmaktad\u0131r. Bu davetiyenin orjinali di\u011fer belgelerle birlikte Rusya Federasyonu konsoloslu\u011funa sunulmaktad\u0131r. Gerekli belgelerin listesi ve konsolosluk kurumunun \u00e7al\u0131\u015fma rejimi ile onun web sitesinde tan\u0131\u015f\u0131labilir.<\/p>\n<p>09.06.2003 tarihli 335 say\u0131l\u0131 Rusya Federasyonu h\u00fck\u00fcmeti kararnamesi uyar\u0131nca <a href=\"http:\/\/arkonconsult.ru\/?page_id=728\">giri\u015f vizeleri birka\u00e7 kategorilere ve t\u00fcrlere\u00a0 ayr\u0131lm\u0131\u015ft\u0131r<\/a>. Bunlardan ba\u015fkalar\u0131 k\u0131yasla en s\u0131k d\u00fczenlenen vizeler \u015funlard\u0131r:<\/p>\n<p>&#8212; <a href=\"http:\/\/arkonconsult.ru\/?page_id=734\">ola\u011fan i\u015f vizesi<\/a>;<\/p>\n<p>&#8212; <a href=\"http:\/\/arkonconsult.ru\/?page_id=737\">ola\u011fan \u00e7al\u0131\u015fma vizesi<\/a>;<\/p>\n<p>&#8212; <a href=\"http:\/\/arkonconsult.ru\/?page_id=739\">ola\u011fan turist vizesi<\/a>;<\/p>\n<p>&#8212; <a href=\"http:\/\/arkonconsult.ru\/?page_id=741\">ola\u011fan \u00f6zel vize<\/a>.<\/p>\n<p>Unutulmamal\u0131d\u0131r ki Rusya s\u0131n\u0131rlar\u0131 i\u00e7inde 7 g\u00fcnden fazla bulunmay\u0131 planlayan herhangi yabanc\u0131 vatanda\u015f (vatanda\u015fl\u0131\u011f\u0131na bak\u0131lmaks\u0131z\u0131n) <a href=\"http:\/\/arkonconsult.ru\/?page_id=711\">g\u00f6\u00e7 kayd\u0131na<\/a> \u00a0konulmak veya kendisinin <a href=\"http:\/\/arkonconsult.ru\/?page_id=713\">ger\u00e7ek bulunma yerinde g\u00f6re kay\u0131t olmak<\/a>\u00a0zorundad\u0131r.<\/p>\n","protected":false},"excerpt":{"rendered":"<p>Rusya&#8217;y\u0131 ziyaret etmeyi planlayan herhangi bir yabanc\u0131 vatanda\u015f (veya vatanda\u015fl\u0131\u011f\u0131 olm\u0131yan ki\u015fi), Rusya Federasyonu&#8217;na giri\u015f i\u00e7in \u00f6nce Rusya Federasyonu konsolosluklardan birinden vizeyi almak zorundad\u0131r. Uluslararas\u0131 hukuk normlar\u0131na g\u00f6re vize, ba\u015fka bir devletin s\u0131n\u0131rlar\u0131 i\u00e7ine girmek i\u00e7in gerekli olan resmi izindir. \u0130stisnalar, Rusya&#8217;n\u0131n vizesiz rejimi hakk\u0131nda imzalanan anla\u015fmalar\u0131 olan \u00fclkelerin vatanda\u015flar\u0131 olu\u015fturmaktad\u0131r. B\u00f6yle \u00fclkelerin listesini buradan [&hellip;]<\/p>\n","protected":false},"author":1,"featured_media":1387,"parent":707,"menu_order":5,"comment_status":"closed","ping_status":"open","template":"","meta":{"_mi_skip_tracking":false,"_monsterinsights_sitenote_active":false,"_monsterinsights_sitenote_note":"","_monsterinsights_sitenote_category":0,"footnotes":""},"_links":{"self":[{"href":"http:\/\/arkonconsult.ru\/index.php?rest_route=\/wp\/v2\/pages\/725"}],"collection":[{"href":"http:\/\/arkonconsult.ru\/index.php?rest_route=\/wp\/v2\/pages"}],"about":[{"href":"http:\/\/arkonconsult.ru\/index.php?rest_route=\/wp\/v2\/types\/page"}],"author":[{"embeddable":true,"href":"http:\/\/arkonconsult.ru\/index.php?rest_route=\/wp\/v2\/users\/1"}],"replies":[{"embeddable":true,"href":"http:\/\/arkonconsult.ru\/index.php?rest_route=%2Fwp%2Fv2%2Fcomments&post=725"}],"version-history":[{"count":9,"href":"http:\/\/arkonconsult.ru\/index.php?rest_route=\/wp\/v2\/pages\/725\/revisions"}],"predecessor-version":[{"id":1384,"href":"http:\/\/arkonconsult.ru\/index.php?rest_route=\/wp\/v2\/pages\/725\/revisions\/1384"}],"up":[{"embeddable":true,"href":"http:\/\/arkonconsult.ru\/index.php?rest_route=\/wp\/v2\/pages\/707"}],"wp:featuredmedia":[{"embeddable":true,"href":"http:\/\/arkonconsult.ru\/index.php?rest_route=\/wp\/v2\/media\/1387"}],"wp:attachment":[{"href":"http:\/\/arkonconsult.ru\/index.php?rest_route=%2Fwp%2Fv2%2Fmedia&parent=725"}],"curies":[{"name":"wp","href":"https:\/\/api.w.org\/{rel}","templated":true}]}}