{"id":711,"date":"2015-12-17T17:45:36","date_gmt":"2015-12-17T14:45:36","guid":{"rendered":"http:\/\/arkonconsult.ru\/?page_id=711"},"modified":"2018-12-10T18:21:09","modified_gmt":"2018-12-10T15:21:09","slug":"rusya-federasyonunda-yabanci-vatandaslarin-goc-kaydi","status":"publish","type":"page","link":"http:\/\/arkonconsult.ru\/?page_id=711&lang=tr","title":{"rendered":"Rusya Federasyonu&#8217;nda yabanc\u0131 vatanda\u015flar\u0131n g\u00f6\u00e7 kayd\u0131"},"content":{"rendered":"<p><img loading=\"lazy\" decoding=\"async\" class=\"alignleft wp-image-789 size-medium\" title=\"RF'da yabanc\u0131 vatanda\u015flar\u0131n tescili bo\u015fu\" src=\"http:\/\/arkonconsult.ru\/wp-content\/uploads\/2015\/12\/\u0431\u043b\u0430\u043d\u043a-\u0443\u0432\u0435\u0434.-300x262.jpg\" alt=\"RF'da yabanc\u0131 vatanda\u015flar\u0131n tescili bo\u015fu\" width=\"300\" height=\"262\" srcset=\"http:\/\/arkonconsult.ru\/wp-content\/uploads\/2015\/12\/\u0431\u043b\u0430\u043d\u043a-\u0443\u0432\u0435\u0434.-300x262.jpg 300w, http:\/\/arkonconsult.ru\/wp-content\/uploads\/2015\/12\/\u0431\u043b\u0430\u043d\u043a-\u0443\u0432\u0435\u0434..jpg 492w\" sizes=\"(max-width: 300px) 100vw, 300px\" \/>Rusya Federasyonu s\u0131n\u0131rlar\u0131 i\u00e7inde 7 g\u00fcnden daha fazla s\u00fcrede kalmay\u0131 planlayan yabanc\u0131 vatanda\u015f, ger\u00e7ek kalma yerinde g\u00f6\u00e7 kayd\u0131na al\u0131nmak zorundad\u0131r. Bunun i\u00e7in yabanc\u0131 vatanda\u015f\u0131n geli\u015fi hakk\u0131nda tebli\u011f doldurup Federal G\u00f6\u00e7 Servisi b\u00f6lgesel b\u00f6l\u00fcm\u00fcne sunmak veya posta \u015fubesi arac\u0131l\u0131\u011f\u0131 ile taahh\u00fctl\u00fc mektupla g\u00f6ndermek gereklidir. Tebli\u011f, yabanc\u0131 vatanda\u015f\u0131 kabul eden t\u00fczel veya ger\u00e7ek ki\u015fi taraf\u0131ndan doldurulmaktad\u0131r. G\u00f6\u00e7 kayd\u0131 i\u015flemini t\u00fczel ki\u015fi ger\u00e7ekle\u015ftiriyorsa yabanc\u0131 vatanda\u015f\u0131n ger\u00e7ek ikamet yeri \u015feklinde bu t\u00fczel ki\u015finin adresi g\u00f6sterilebilir. Tebli\u011fin g\u00f6nderilmesinden sonra g\u00f6nderenin elinde tebli\u011fi kabul eden kurumun (Federal G\u00f6\u00e7 Servisi veya Rusya Posta \u015eubesi) ka\u015fesi olan y\u0131rt\u0131lm\u0131\u015f par\u00e7as\u0131 kalmaktad\u0131r. Tebli\u011finin y\u0131rt\u0131lm\u0131\u015f par\u00e7as\u0131 mevcudiyeti, yabanc\u0131 vatanda\u015f\u0131n g\u00f6\u00e7 kayd\u0131na konuldu\u011funun teyidi olmaktad\u0131r.<\/p>\n<p>&nbsp;<\/p>\n<p>Yabanc\u0131 vatanda\u015f\u0131n g\u00f6\u00e7 kayd\u0131na (tescilinine) konulmas\u0131 i\u00e7in gerekli olan belgeler a\u015fa\u011f\u0131daki gibidir.<\/p>\n<ol>\n<li>a) vizesiz rejimi olan \u00fclkelerden gelen yabanc\u0131 vatanda\u015flar\u0131n sunacaklar\u0131 belgeler \u015funlard\u0131r:<\/li>\n<\/ol>\n<p>&#8212; pasaport (ki\u015fisel bilgileri ve pasaportun ge\u00e7erlilik s\u00fcresi bulunan sayfalar\u0131n fotokopileri);<\/p>\n<p>&#8212; g\u00f6\u00e7 kart\u0131 (fotokopisi)<\/p>\n<ol>\n<li>b) vizeli rejimi olan \u00fclkelerden gelen yabanc\u0131 vatanda\u015flar\u0131n sunacaklar\u0131 belgeler \u015funlard\u0131r:<\/li>\n<\/ol>\n<p>&#8212; pasaport (ki\u015fisel bilgileri, pasaportun ge\u00e7erlilik s\u00fcresi ve vizesi bulunan sayfalar\u0131n fotokopileri);<\/p>\n<p>&#8212; g\u00f6\u00e7 kart\u0131 (fotokopisi).<\/p>\n<p>&nbsp;<\/p>\n<p>G\u00f6\u00e7 kayd\u0131 gereksinimleri a\u011f\u0131rl\u0131kl\u0131 olarak g\u00f6\u00e7men i\u015f\u00e7ileri i\u00e7in ge\u00e7erlidir. \u00c7\u00fcnk\u00fc kay\u0131ttan farkl\u0131 olarak g\u00f6\u00e7 kayda konulmada konaklama yeri adresi \u015feklinde oturma mekanlar\u0131n\u0131 (ev, daire, otel) g\u00f6stermek zorunlu de\u011fildir, hatta g\u00f6\u00e7menin \u00e7al\u0131\u015fma yeri olan ama oturulmaya elveri\u015fsiz mekan\u0131n g\u00f6sterilmesine izin verilmektedir (bunlar, insanlar\u0131n kayd\u0131n\u0131n yasakland\u0131\u011f\u0131 \u015fantiye ge\u00e7ici kabinler bile olabilir).<\/p>\n<p>\u00abYabanc\u0131 vatanda\u015flar\u0131n kalma yerinde kayda konulmas\u0131 ve onlar\u0131 kay\u0131ttan \u00e7\u0131kar\u0131lmas\u0131 d\u00fczeni\u00bb ile burada tan\u0131\u015fmak m\u00fcmk\u00fcnd\u00fcr (\u00abYABANCI VATANDA\u015eLARIN KALMA YER\u0130NDE KAYDA KONULMASI VE ONLARIN KAYITTAN \u00c7IKARILMASI D\u00dcZEN\u0130\u00bb sayfas\u0131na link)<\/p>\n<p>G\u00f6\u00e7 kayd\u0131 h\u00fck\u00fcmlerinin ihlali i\u00e7in ceza (\u00f6rne\u011fin, g\u00f6\u00e7 kayd\u0131na gecikmeli konulma), 2000 Ruble&#8217;den 5000 Ruble&#8217;e kadar tutar\u0131nda olmaktad\u0131r. Ayr\u0131ca e\u011fer yabanc\u0131 vatanda\u015f, Rusya Federasyonu s\u0131n\u0131rlar\u0131 i\u00e7inde bulunma zaman\u0131 i\u00e7inde 2&#8217;den fazla idari su\u00e7u (g\u00f6\u00e7 kayd\u0131na gecikmeli konulma, trafik cezalar\u0131 ve di\u011fer su\u00e7lar) i\u015flemi\u015fse bu vatanda\u015f Rusya Federasyonu&#8217;na 2&#8217;den 5 y\u0131la kadarki s\u00fcreye giri\u015fi yasaklanan ki\u015filer listesine al\u0131nabilir.<\/p>\n","protected":false},"excerpt":{"rendered":"<p>Rusya Federasyonu s\u0131n\u0131rlar\u0131 i\u00e7inde 7 g\u00fcnden daha fazla s\u00fcrede kalmay\u0131 planlayan yabanc\u0131 vatanda\u015f, ger\u00e7ek kalma yerinde g\u00f6\u00e7 kayd\u0131na al\u0131nmak zorundad\u0131r. Bunun i\u00e7in yabanc\u0131 vatanda\u015f\u0131n geli\u015fi hakk\u0131nda tebli\u011f doldurup Federal G\u00f6\u00e7 Servisi b\u00f6lgesel b\u00f6l\u00fcm\u00fcne sunmak veya posta \u015fubesi arac\u0131l\u0131\u011f\u0131 ile taahh\u00fctl\u00fc mektupla g\u00f6ndermek gereklidir. Tebli\u011f, yabanc\u0131 vatanda\u015f\u0131 kabul eden t\u00fczel veya ger\u00e7ek ki\u015fi taraf\u0131ndan doldurulmaktad\u0131r. G\u00f6\u00e7 [&hellip;]<\/p>\n","protected":false},"author":1,"featured_media":514,"parent":709,"menu_order":0,"comment_status":"closed","ping_status":"closed","template":"","meta":{"_mi_skip_tracking":false,"_monsterinsights_sitenote_active":false,"_monsterinsights_sitenote_note":"","_monsterinsights_sitenote_category":0,"footnotes":""},"_links":{"self":[{"href":"http:\/\/arkonconsult.ru\/index.php?rest_route=\/wp\/v2\/pages\/711"}],"collection":[{"href":"http:\/\/arkonconsult.ru\/index.php?rest_route=\/wp\/v2\/pages"}],"about":[{"href":"http:\/\/arkonconsult.ru\/index.php?rest_route=\/wp\/v2\/types\/page"}],"author":[{"embeddable":true,"href":"http:\/\/arkonconsult.ru\/index.php?rest_route=\/wp\/v2\/users\/1"}],"replies":[{"embeddable":true,"href":"http:\/\/arkonconsult.ru\/index.php?rest_route=%2Fwp%2Fv2%2Fcomments&post=711"}],"version-history":[{"count":3,"href":"http:\/\/arkonconsult.ru\/index.php?rest_route=\/wp\/v2\/pages\/711\/revisions"}],"predecessor-version":[{"id":1299,"href":"http:\/\/arkonconsult.ru\/index.php?rest_route=\/wp\/v2\/pages\/711\/revisions\/1299"}],"up":[{"embeddable":true,"href":"http:\/\/arkonconsult.ru\/index.php?rest_route=\/wp\/v2\/pages\/709"}],"wp:featuredmedia":[{"embeddable":true,"href":"http:\/\/arkonconsult.ru\/index.php?rest_route=\/wp\/v2\/media\/514"}],"wp:attachment":[{"href":"http:\/\/arkonconsult.ru\/index.php?rest_route=%2Fwp%2Fv2%2Fmedia&parent=711"}],"curies":[{"name":"wp","href":"https:\/\/api.w.org\/{rel}","templated":true}]}}