{"id":705,"date":"2015-12-17T16:26:50","date_gmt":"2015-12-17T13:26:50","guid":{"rendered":"http:\/\/arkonconsult.ru\/?page_id=705"},"modified":"2016-06-06T19:47:21","modified_gmt":"2016-06-06T16:47:21","slug":"sirket-hakkinda","status":"publish","type":"page","link":"http:\/\/arkonconsult.ru\/?page_id=705&lang=tr","title":{"rendered":"\u015eirket hakk\u0131nda"},"content":{"rendered":"<p><strong>ARKON CONSULT\u0130NG<\/strong>, kendi ana g\u00f6revini ticari i\u015fletmelerin faaliyetine kompleksli hukuki deste\u011fi sa\u011flama ve ayr\u0131ca n\u00fcfus g\u00f6\u00e7\u00fc, Rusya mevzuat\u0131, uluslararas\u0131 hukuk gibi alanlarda hizmetleri sa\u011flama ve dan\u0131\u015fmanl\u0131k etmede g\u00f6ren dinamik \u015fekilde geli\u015fen bir \u015firkettir.<\/p>\n<p>\u00d6n\u00fcm\u00fczde koydu\u011fumuz hedef, Rusya&#8217;da yabanc\u0131 \u015firketler i\u00e7in g\u00fcvenilir bir k\u0131lavuz olmak, \u00fclkemizde onlar\u0131n faaliyeti ile ilgili bir\u00e7ok konular konusunda tavsiyelerde bulunmaktan ziyade onlara bir\u00e7ok de\u011fi\u015fik alanlarda ger\u00e7ek yard\u0131m sa\u011flamakt\u0131r.<\/p>\n<p><strong>ARKON CONSULT\u0130NG<\/strong> \u015firketinde ticari ve g\u00f6\u00e7 mevzuat\u0131 konusunda uzmanla\u015fm\u0131\u015f avukatlar ve \u00e7e\u015fitli alanlarda eksperler olan ger\u00e7ek profesyoneller \u00e7al\u0131\u015fmaktad\u0131rlar. Profesyonellik, sorumluluk, d\u00fcr\u00fcstl\u00fck, \u00e7al\u0131\u015fkanl\u0131k, bizim i\u015fimizin ilkeleri olmaktad\u0131r. Biz m\u00fc\u015fterileri b\u00fcy\u00fcklere ve k\u00fc\u00e7\u00fcklere ay\u0131rm\u0131yoruz. \u0130ster b\u00fcy\u00fck in\u015faat \u015firketi olsun isterse k\u00fc\u00e7\u00fck ticari firma olsun herhangi bir m\u00fc\u015fteri ile \u00e7al\u0131\u015fmam\u0131zda kendi ilkelerimizden geri ad\u0131m atm\u0131yoruz.<\/p>\n<p>Yerine getiremiyece\u011fimizi vaat etmiyoruz. Bizim m\u00fc\u015fterilerimize onlar\u0131n sorunlar\u0131n\u0131 ancak hukuka uygun olacak \u015fekilde \u00e7\u00f6zmeye yard\u0131m ediyoruz. \u0130\u015fe kar\u015f\u0131 tutumumuz, m\u00fc\u015fterilerimizin ho\u015funa gitmekte ve bizimle i\u015fbirli\u011fi kar\u015f\u0131l\u0131kl\u0131 yararl\u0131 ve uzun vadeli yapmaktad\u0131r.<\/p>\n<p><strong>ARKON CONSULT\u0130NG <\/strong>\u015firketi Moskova ve Rusya Federasyonu Ticaret ve Sanayi odalar\u0131n\u0131n \u00fcyesi olmaktad\u0131r (<a href=\"http:\/\/arkonconsult.ru\/?page_id=1227\">sertifika ve \u00fcyelik kart\u0131<\/a>).<\/p>\n<p>Bize \u00e7ekinmeden ba\u015fvurun, yasa ile ilgili g\u00fc\u00e7l\u00fckleri ya\u015fama\u0131yp kaliteli hizmetleri alacaks\u0131n\u0131z. Biz ise sizi devaml\u0131 m\u00fc\u015fterilerimiz aras\u0131nda g\u00f6rmekten mutluluk duyaca\u011f\u0131z!<\/p>\n","protected":false},"excerpt":{"rendered":"<p>ARKON CONSULT\u0130NG, kendi ana g\u00f6revini ticari i\u015fletmelerin faaliyetine kompleksli hukuki deste\u011fi sa\u011flama ve ayr\u0131ca n\u00fcfus g\u00f6\u00e7\u00fc, Rusya mevzuat\u0131, uluslararas\u0131 hukuk gibi alanlarda hizmetleri sa\u011flama ve dan\u0131\u015fmanl\u0131k etmede g\u00f6ren dinamik \u015fekilde geli\u015fen bir \u015firkettir. \u00d6n\u00fcm\u00fczde koydu\u011fumuz hedef, Rusya&#8217;da yabanc\u0131 \u015firketler i\u00e7in g\u00fcvenilir bir k\u0131lavuz olmak, \u00fclkemizde onlar\u0131n faaliyeti ile ilgili bir\u00e7ok konular konusunda tavsiyelerde bulunmaktan ziyade [&hellip;]<\/p>\n","protected":false},"author":1,"featured_media":473,"parent":0,"menu_order":2,"comment_status":"closed","ping_status":"open","template":"","meta":{"_mi_skip_tracking":false,"_monsterinsights_sitenote_active":false,"_monsterinsights_sitenote_note":"","_monsterinsights_sitenote_category":0,"footnotes":""},"_links":{"self":[{"href":"http:\/\/arkonconsult.ru\/index.php?rest_route=\/wp\/v2\/pages\/705"}],"collection":[{"href":"http:\/\/arkonconsult.ru\/index.php?rest_route=\/wp\/v2\/pages"}],"about":[{"href":"http:\/\/arkonconsult.ru\/index.php?rest_route=\/wp\/v2\/types\/page"}],"author":[{"embeddable":true,"href":"http:\/\/arkonconsult.ru\/index.php?rest_route=\/wp\/v2\/users\/1"}],"replies":[{"embeddable":true,"href":"http:\/\/arkonconsult.ru\/index.php?rest_route=%2Fwp%2Fv2%2Fcomments&post=705"}],"version-history":[{"count":5,"href":"http:\/\/arkonconsult.ru\/index.php?rest_route=\/wp\/v2\/pages\/705\/revisions"}],"predecessor-version":[{"id":1231,"href":"http:\/\/arkonconsult.ru\/index.php?rest_route=\/wp\/v2\/pages\/705\/revisions\/1231"}],"wp:featuredmedia":[{"embeddable":true,"href":"http:\/\/arkonconsult.ru\/index.php?rest_route=\/wp\/v2\/media\/473"}],"wp:attachment":[{"href":"http:\/\/arkonconsult.ru\/index.php?rest_route=%2Fwp%2Fv2%2Fmedia&parent=705"}],"curies":[{"name":"wp","href":"https:\/\/api.w.org\/{rel}","templated":true}]}}