{"id":1227,"date":"2016-06-06T13:45:46","date_gmt":"2016-06-06T10:45:46","guid":{"rendered":"http:\/\/arkonconsult.ru\/?page_id=1227"},"modified":"2018-12-10T17:48:02","modified_gmt":"2018-12-10T14:48:02","slug":"moskova-ve-rusya-federasyonu-ticaret-ve-sanayi-odalarina-uyelik","status":"publish","type":"page","link":"http:\/\/arkonconsult.ru\/?page_id=1227&lang=tr","title":{"rendered":"Odalara \u00fcyelik"},"content":{"rendered":"<p>ARKON CONSULT\u0130NG \u015firketi Moskova ve Rusya Federasyonu Ticaret ve Sanayi Odalar\u0131n\u0131n \u00fcyesi olmaktad\u0131r.<img loading=\"lazy\" decoding=\"async\" class=\"alignright wp-image-1216 size-medium\" title=\"Moskova Ticaret Ve Sanayi Odas\u0131 \u00fcyelik kart\u0131\" src=\"http:\/\/arkonconsult.ru\/wp-content\/uploads\/2016\/06\/\u0427\u043b\u0435\u043d\u0441\u043a\u0438\u0439-\u0431\u0438\u043b\u0435\u0442-\u041c\u0422\u041f\u041f-300x218.jpeg\" alt=\"Moskova Ticaret Ve Sanayi Odas\u0131 \u00fcyelik kart\u0131\" width=\"300\" height=\"218\" srcset=\"http:\/\/arkonconsult.ru\/wp-content\/uploads\/2016\/06\/\u0427\u043b\u0435\u043d\u0441\u043a\u0438\u0439-\u0431\u0438\u043b\u0435\u0442-\u041c\u0422\u041f\u041f-300x218.jpeg 300w, http:\/\/arkonconsult.ru\/wp-content\/uploads\/2016\/06\/\u0427\u043b\u0435\u043d\u0441\u043a\u0438\u0439-\u0431\u0438\u043b\u0435\u0442-\u041c\u0422\u041f\u041f.jpeg 448w\" sizes=\"(max-width: 300px) 100vw, 300px\" \/><img loading=\"lazy\" decoding=\"async\" class=\"alignleft wp-image-1215 size-medium\" title=\"Moskova Ticaret Ve Sanayi Odas\u0131 belgesi\" src=\"http:\/\/arkonconsult.ru\/wp-content\/uploads\/2016\/06\/\u0421\u0432\u0438\u0434\u0435\u0442\u0435\u043b\u044c\u0441\u0442\u0432\u043e-\u041c\u0422\u041f\u041f-218x300.jpeg\" alt=\"Moskova Ticaret Ve Sanayi Odas\u0131 belgesi\" width=\"218\" height=\"300\" srcset=\"http:\/\/arkonconsult.ru\/wp-content\/uploads\/2016\/06\/\u0421\u0432\u0438\u0434\u0435\u0442\u0435\u043b\u044c\u0441\u0442\u0432\u043e-\u041c\u0422\u041f\u041f-218x300.jpeg 218w, http:\/\/arkonconsult.ru\/wp-content\/uploads\/2016\/06\/\u0421\u0432\u0438\u0434\u0435\u0442\u0435\u043b\u044c\u0441\u0442\u0432\u043e-\u041c\u0422\u041f\u041f.jpeg 326w\" sizes=\"(max-width: 218px) 100vw, 218px\" \/><\/p>\n","protected":false},"excerpt":{"rendered":"<p>ARKON CONSULT\u0130NG \u015firketi Moskova ve Rusya Federasyonu Ticaret ve Sanayi Odalar\u0131n\u0131n \u00fcyesi olmaktad\u0131r.<\/p>\n","protected":false},"author":1,"featured_media":1216,"parent":0,"menu_order":0,"comment_status":"closed","ping_status":"closed","template":"","meta":{"_mi_skip_tracking":false,"_monsterinsights_sitenote_active":false,"_monsterinsights_sitenote_note":"","_monsterinsights_sitenote_category":0,"footnotes":""},"_links":{"self":[{"href":"http:\/\/arkonconsult.ru\/index.php?rest_route=\/wp\/v2\/pages\/1227"}],"collection":[{"href":"http:\/\/arkonconsult.ru\/index.php?rest_route=\/wp\/v2\/pages"}],"about":[{"href":"http:\/\/arkonconsult.ru\/index.php?rest_route=\/wp\/v2\/types\/page"}],"author":[{"embeddable":true,"href":"http:\/\/arkonconsult.ru\/index.php?rest_route=\/wp\/v2\/users\/1"}],"replies":[{"embeddable":true,"href":"http:\/\/arkonconsult.ru\/index.php?rest_route=%2Fwp%2Fv2%2Fcomments&post=1227"}],"version-history":[{"count":5,"href":"http:\/\/arkonconsult.ru\/index.php?rest_route=\/wp\/v2\/pages\/1227\/revisions"}],"predecessor-version":[{"id":1295,"href":"http:\/\/arkonconsult.ru\/index.php?rest_route=\/wp\/v2\/pages\/1227\/revisions\/1295"}],"wp:featuredmedia":[{"embeddable":true,"href":"http:\/\/arkonconsult.ru\/index.php?rest_route=\/wp\/v2\/media\/1216"}],"wp:attachment":[{"href":"http:\/\/arkonconsult.ru\/index.php?rest_route=%2Fwp%2Fv2%2Fmedia&parent=1227"}],"curies":[{"name":"wp","href":"https:\/\/api.w.org\/{rel}","templated":true}]}}